{"id":2148,"date":"2013-07-17T14:25:00","date_gmt":"2013-07-17T13:25:00","guid":{"rendered":"https:\/\/inclusioaltemporda.cat\/portal\/?page_id=2148"},"modified":"2019-05-21T08:09:13","modified_gmt":"2019-05-21T07:09:13","slug":"concurs-projectes-inclusio","status":"publish","type":"page","link":"https:\/\/inclusioaltemporda.cat\/portal\/concurs-projectes-inclusio\/","title":{"rendered":"Concurs de projectes per a la Inclusi\u00f3 Social a l&#8217;Alt Empord\u00e0"},"content":{"rendered":"<p><strong><img loading=\"lazy\" decoding=\"async\" class=\"alignleft wp-image-7197 size-medium\" src=\"https:\/\/inclusioaltemporda.cat\/portal\/wp-content\/uploads\/BANNER-PREMIS-INCLUSI\u00d3-2019-300x204.jpg\" alt=\"\" width=\"300\" height=\"204\" srcset=\"https:\/\/inclusioaltemporda.cat\/portal\/wp-content\/uploads\/BANNER-PREMIS-INCLUSI\u00d3-2019-300x204.jpg 300w, https:\/\/inclusioaltemporda.cat\/portal\/wp-content\/uploads\/BANNER-PREMIS-INCLUSI\u00d3-2019-768x521.jpg 768w, https:\/\/inclusioaltemporda.cat\/portal\/wp-content\/uploads\/BANNER-PREMIS-INCLUSI\u00d3-2019-1024x695.jpg 1024w, https:\/\/inclusioaltemporda.cat\/portal\/wp-content\/uploads\/BANNER-PREMIS-INCLUSI\u00d3-2019.jpg 1138w\" sizes=\"auto, (max-width: 300px) 100vw, 300px\" \/><\/strong><\/p>\n<p>&nbsp;<\/p>\n<p>&nbsp;<\/p>\n<p>&nbsp;<\/p>\n<p>&nbsp;<\/p>\n<p>&nbsp;<\/p>\n<p>&nbsp;<\/p>\n<p>&nbsp;<\/p>\n<p><strong>PREMI INCLUSI\u00d3 SOCIAL ALT EMPORD\u00c0 2019<\/strong><\/p>\n<p><!--:CA-->El Consell Comarcal de l&#8217;Alt Empord\u00e0 convoca l&#8217;edici\u00f3 2019 del\u00a0 Concurs de Projectes per a la Inclusi\u00f3 Social a l&#8217;Alt Empord\u00e0 amb l&#8217;objectiu de fer emergir iniciatives innovadores en l&#8217;\u00e0mbit de la inclusi\u00f3 i la cohesi\u00f3 social i finan\u00e7ar projectes en el territori. Aquesta iniciativa, que s&#8217;emmarca en el Pla d&#8217;Inclusi\u00f3 i Cohesi\u00f3 Social de l&#8217;Alt Empord\u00e0, t\u00e9 com a finalitat millorar les condicions de vida de la poblaci\u00f3 de la comarca i refor\u00e7ar la cohesi\u00f3 social. Aqu\u00ed podr\u00e0s trobar les bases i descarregar els models normalitzats per a poder formalitzar la sol\u00b7licitud:<\/p>\n<ul>\n<li><a href=\"https:\/\/inclusioaltemporda.cat\/portal\/wp-content\/uploads\/Bases-BOP-vdef.pdf\" target=\"_blank\" rel=\"noopener\">Bases concurs de Projectes d&#8217;Inclusi\u00f3 Social a l&#8217;Alt Empord\u00e0<\/a><\/li>\n<li><a href=\"https:\/\/inclusioaltemporda.cat\/portal\/wp-content\/uploads\/Convocat\u00f2ria-catal\u00e0-1.pdf\" target=\"_blank\" rel=\"noopener\">Convocat\u00f2ria del concurs<\/a><\/li>\n<li><a href=\"https:\/\/inclusioaltemporda.cat\/portal\/wp-content\/uploads\/SOBRE-A-4.pdf\" target=\"_blank\" rel=\"noopener\">Model sobre A<\/a><\/li>\n<li><a href=\"https:\/\/inclusioaltemporda.cat\/portal\/wp-content\/uploads\/SOBRE-B_Fitxa-projecte-4.pdf\" target=\"_blank\" rel=\"noopener\">Model sobre B. Fitxa de projecte<\/a><\/li>\n<li><a href=\"https:\/\/inclusioaltemporda.cat\/portal\/wp-content\/uploads\/Model-inst\u00e0ncia_Presentaci\u00f3-Concurs-Projectes-IN.pdf\" target=\"_blank\" rel=\"noopener\">Model inst\u00e0ncia de sol\u00b7licitud<\/a><\/li>\n<\/ul>\n<p>El termini de presentaci\u00f3 de projectes restar\u00e0 obert fins el dia<strong> 14 de juny de 2019<br \/>\n<\/strong><\/p>\n<p>Podeu trobar informaci\u00f3 sobre els projectes premiats ens les edicions anteriors a trav\u00e9s dels seg\u00fcents links:<\/p>\n<p><a href=\"https:\/\/www.youtube.com\/watch?v=00stBjBLtYA\" target=\"_blank\" rel=\"noopener\">Premi 2017. Projecte &#8220;Teatre a l&#8217;abast&#8221; del Centre de lleure El Dof\u00ed i A mossegades<\/a><\/p>\n<p><a href=\"https:\/\/youtu.be\/BETakfTbQpA\" target=\"_blank\" rel=\"noopener\">Premi 2016. Projecte &#8220;Grans Experts&#8221; de C\u00e0ritas Diocesana de Girona<\/a><\/p>\n<p><a href=\"https:\/\/www.youtube.com\/watch?v=4xCUV0MTCPo\" target=\"_blank\" rel=\"noopener\">Premi 2015. Projecte &#8220;Tothom pot navegar&#8221; del GEN Roses<\/a><\/p>\n<p><a href=\"https:\/\/youtu.be\/qNldFujkJvo\" target=\"_blank\" rel=\"noopener\">Premi 2013. Projecte &#8220;La cuina, cooperativisme a foc lent&#8221; de la Cooperativa Eines<\/a><\/p>\n<p><a href=\"https:\/\/youtu.be\/nwMomGkJQWU\" target=\"_blank\" rel=\"noopener\">Premi 2013 (acc\u00e8ssit). Projecte laboral &#8220;Reciclatge de paper&#8221; de l&#8217;Associaci\u00f3 El Tamariu<\/a><\/p>\n","protected":false},"excerpt":{"rendered":"<p>&nbsp; &nbsp; &nbsp; &nbsp; &nbsp; &nbsp; &nbsp; PREMI INCLUSI\u00d3 SOCIAL ALT EMPORD\u00c0 2019 El Consell Comarcal de l&#8217;Alt Empord\u00e0 convoca l&#8217;edici\u00f3 2019 del\u00a0 Concurs de Projectes per a la Inclusi\u00f3&hellip;<\/p>\n","protected":false},"author":2,"featured_media":6748,"parent":0,"menu_order":0,"comment_status":"closed","ping_status":"closed","template":"","meta":{"footnotes":""},"class_list":["post-2148","page","type-page","status-publish","has-post-thumbnail","hentry","description-off"],"_links":{"self":[{"href":"https:\/\/inclusioaltemporda.cat\/portal\/wp-json\/wp\/v2\/pages\/2148","targetHints":{"allow":["GET"]}}],"collection":[{"href":"https:\/\/inclusioaltemporda.cat\/portal\/wp-json\/wp\/v2\/pages"}],"about":[{"href":"https:\/\/inclusioaltemporda.cat\/portal\/wp-json\/wp\/v2\/types\/page"}],"author":[{"embeddable":true,"href":"https:\/\/inclusioaltemporda.cat\/portal\/wp-json\/wp\/v2\/users\/2"}],"replies":[{"embeddable":true,"href":"https:\/\/inclusioaltemporda.cat\/portal\/wp-json\/wp\/v2\/comments?post=2148"}],"version-history":[{"count":45,"href":"https:\/\/inclusioaltemporda.cat\/portal\/wp-json\/wp\/v2\/pages\/2148\/revisions"}],"predecessor-version":[{"id":7199,"href":"https:\/\/inclusioaltemporda.cat\/portal\/wp-json\/wp\/v2\/pages\/2148\/revisions\/7199"}],"wp:featuredmedia":[{"embeddable":true,"href":"https:\/\/inclusioaltemporda.cat\/portal\/wp-json\/wp\/v2\/media\/6748"}],"wp:attachment":[{"href":"https:\/\/inclusioaltemporda.cat\/portal\/wp-json\/wp\/v2\/media?parent=2148"}],"curies":[{"name":"wp","href":"https:\/\/api.w.org\/{rel}","templated":true}]}}

Concurs de projectes per a la Inclusió Social a l&#8217;Alt Empordà

<p><strong><img loading="lazy" decoding="async" class="alignleft wp-image-7197 size-medium" src="https://inclusioaltemporda.cat/portal/wp-content/uploads/BANNER-PREMIS-INCLUSIÓ-2019-300x204.jpg" alt="" width="300" height="204" srcset="https://inclusioaltemporda.cat/portal/wp-content/uploads/BANNER-PREMIS-INCLUSIÓ-2019-300x204.jpg 300w, https://inclusioaltemporda.cat/portal/wp-content/uploads/BANNER-PREMIS-INCLUSIÓ-2019-768x521.jpg 768w, https://inclusioaltemporda.cat/portal/wp-content/uploads/BANNER-PREMIS-INCLUSIÓ-2019-1024x695.jpg 1024w, https://inclusioaltemporda.cat/portal/wp-content/uploads/BANNER-PREMIS-INCLUSIÓ-2019.jpg 1138w" sizes="auto, (max-width: 300px) 100vw, 300px" /></strong></p>
<p>&nbsp;</p>
<p>&nbsp;</p>
<p>&nbsp;</p>
<p>&nbsp;</p>
<p>&nbsp;</p>
<p>&nbsp;</p>
<p>&nbsp;</p>
<p><strong>PREMI INCLUSIÓ SOCIAL ALT EMPORDÀ 2019</strong></p>
<p><!--:CA-->El Consell Comarcal de l&#8217;Alt Empordà convoca l&#8217;edició 2019 del  Concurs de Projectes per a la Inclusió Social a l&#8217;Alt Empordà amb l&#8217;objectiu de fer emergir iniciatives innovadores en l&#8217;àmbit de la inclusió i la cohesió social i finançar projectes en el territori. Aquesta iniciativa, que s&#8217;emmarca en el Pla d&#8217;Inclusió i Cohesió Social de l&#8217;Alt Empordà, té com a finalitat millorar les condicions de vida de la població de la comarca i reforçar la cohesió social. Aquí podràs trobar les bases i descarregar els models normalitzats per a poder formalitzar la sol·licitud:</p>
<ul>
<li><a href="https://inclusioaltemporda.cat/portal/wp-content/uploads/Bases-BOP-vdef.pdf" target="_blank" rel="noopener">Bases concurs de Projectes d&#8217;Inclusió Social a l&#8217;Alt Empordà</a></li>
<li><a href="https://inclusioaltemporda.cat/portal/wp-content/uploads/Convocatòria-català-1.pdf" target="_blank" rel="noopener">Convocatòria del concurs</a></li>
<li><a href="https://inclusioaltemporda.cat/portal/wp-content/uploads/SOBRE-A-4.pdf" target="_blank" rel="noopener">Model sobre A</a></li>
<li><a href="https://inclusioaltemporda.cat/portal/wp-content/uploads/SOBRE-B_Fitxa-projecte-4.pdf" target="_blank" rel="noopener">Model sobre B. Fitxa de projecte</a></li>
<li><a href="https://inclusioaltemporda.cat/portal/wp-content/uploads/Model-instància_Presentació-Concurs-Projectes-IN.pdf" target="_blank" rel="noopener">Model instància de sol·licitud</a></li>
</ul>
<p>El termini de presentació de projectes restarà obert fins el dia<strong> 14 de juny de 2019<br />
</strong></p>
<p>Podeu trobar informació sobre els projectes premiats ens les edicions anteriors a través dels següents links:</p>
<p><a href="https://www.youtube.com/watch?v=00stBjBLtYA" target="_blank" rel="noopener">Premi 2017. Projecte &#8220;Teatre a l&#8217;abast&#8221; del Centre de lleure El Dofí i A mossegades</a></p>
<p><a href="https://youtu.be/BETakfTbQpA" target="_blank" rel="noopener">Premi 2016. Projecte &#8220;Grans Experts&#8221; de Càritas Diocesana de Girona</a></p>
<p><a href="https://www.youtube.com/watch?v=4xCUV0MTCPo" target="_blank" rel="noopener">Premi 2015. Projecte &#8220;Tothom pot navegar&#8221; del GEN Roses</a></p>
<p><a href="https://youtu.be/qNldFujkJvo" target="_blank" rel="noopener">Premi 2013. Projecte &#8220;La cuina, cooperativisme a foc lent&#8221; de la Cooperativa Eines</a></p>
<p><a href="https://youtu.be/nwMomGkJQWU" target="_blank" rel="noopener">Premi 2013 (accèssit). Projecte laboral &#8220;Reciclatge de paper&#8221; de l&#8217;Associació El Tamariu</a></p>

<p>&nbsp; &nbsp; &nbsp; &nbsp; &nbsp; &nbsp; &nbsp; PREMI INCLUSIÓ SOCIAL ALT EMPORDÀ 2019 El Consell Comarcal de l&#8217;Alt Empordà convoca l&#8217;edició 2019 del  Concurs de Projectes per a la Inclusió&hellip;</p>
