{"id":3130,"date":"2014-02-19T18:13:00","date_gmt":"2014-02-19T18:13:00","guid":{"rendered":"http:\/\/localhost\/wordpress\/?page_id=50"},"modified":"2026-03-30T20:22:47","modified_gmt":"2026-03-30T18:22:47","slug":"participa","status":"publish","type":"page","link":"https:\/\/inclusioaltemporda.cat\/portal\/participa\/","title":{"rendered":"Participa"},"content":{"rendered":"<div class=\"wpb-content-wrapper\"><p>[vc_row][vc_column][vc_column_text]<\/p>\n<h3>Participa<\/h3>\n<p>[\/vc_column_text][\/vc_column][\/vc_row][vc_row margin_top=&#8221;20&#8243; margin_bottom=&#8221;0&#8243;][vc_column width=&#8221;1\/4&#8243;][vc_column_text]<\/p>\n<h4>El Pla per a la Inclusi\u00f3 i la Cohesi\u00f3 Social a l&#8217;Alt Empord\u00e0 \u00e9s un marc d&#8217;acci\u00f3 en qu\u00e8 la participaci\u00f3 \u00e9s un fonament i eix de treball prioritari.<\/h4>\n<p>[\/vc_column_text][\/vc_column][vc_column width=&#8221;1\/4&#8243;][vc_column_text]<img loading=\"lazy\" decoding=\"async\" class=\"size-full wp-image-3645 alignnone\" src=\"https:\/\/inclusioaltemporda.cat\/portal\/wp-content\/uploads\/icona_entitat_petita.png\" alt=\"icona_entitat_petita\" width=\"110\" height=\"96\" \/><\/p>\n<p>Si sou una entitat de la comarca i teniu inter\u00e8s a ser membres i participar a la Taula d&#8217;Inclusi\u00f3, contacteu amb nosaltres: <a href=\"mailto:inclusio@altemporda.cat\">inclusio@altemporda.cat<\/a>[\/vc_column_text][\/vc_column][vc_column width=&#8221;1\/4&#8243;][vc_column_text]<img loading=\"lazy\" decoding=\"async\" class=\"size-full wp-image-3644 alignnone\" src=\"https:\/\/inclusioaltemporda.cat\/portal\/wp-content\/uploads\/icona_empreses_petita.png\" alt=\"icona_empreses_petita\" width=\"110\" height=\"96\" \/><\/p>\n<p>Si sou una empresa que feu de la Responsabilitat Social Corporativa (RSC) un eix de la vostra actuaci\u00f3 i teniu inter\u00e8s a col\u00b7laborar en projectes solidaris a la comarca, contacteu amb nosaltres: <a href=\"mailto:inclusio@altemporda.cat\">inclusio@altemporda.cat<\/a>[\/vc_column_text][\/vc_column][vc_column width=&#8221;1\/4&#8243;][vc_column_text]<img loading=\"lazy\" decoding=\"async\" class=\"size-full wp-image-3643 alignnone\" src=\"https:\/\/inclusioaltemporda.cat\/portal\/wp-content\/uploads\/icona_ciutadania_petita.png\" alt=\"icona_ciutadania_petita\" width=\"110\" height=\"96\" \/><\/p>\n<p>Si sou un ciutad\u00e0\/ciutadana i teniu inter\u00e8s a participar com a voluntari en projectes solidaris de les entitats de la comarca, accediu a l&#8217;apartat Taula d&#8217;Inclusi\u00f3 des d&#8217;on podreu con\u00e8ixer les entitats socials de la comarca i els seus projectes.[\/vc_column_text][\/vc_column][\/vc_row][vc_row margin_top=&#8221;30&#8243; margin_bottom=&#8221;0&#8243;][vc_column width=&#8221;1\/2&#8243;][vc_column_text]<\/p>\n<h3>Not\u00edcies<\/h3>\n<p>[\/vc_column_text][vc_basic_grid post_type=&#8221;post&#8221; max_items=&#8221;2&#8243; element_width=&#8221;6&#8243; gap=&#8221;20&#8243; item=&#8221;5927&#8243; initial_loading_animation=&#8221;none&#8221; grid_id=&#8221;vc_gid:1774894954812-a0be6c45-6e1a-0&#8243; taxonomies=&#8221;1&#8243; el_class=&#8221;home-news&#8221;][\/vc_column][vc_column width=&#8221;1\/2&#8243;][vc_column_text]<\/p>\n<h3>Agenda<\/h3>\n<p>[\/vc_column_text]<section class=\"items-grid wf-container\"><div class=\"wf-cell wf-1\"><article class=\"post-format-standard\"><div class=\"mini-post-img\"><a class=\"alignleft post-rollover layzr-bg\" href=\"https:\/\/inclusioaltemporda.cat\/portal\/el-consell-comarcal-de-lalt-emporda-programa-diverses-accions-de-sensibilitzacio-amb-motiu-del-dia-internacional-per-lerradicacio-de-la-violencia-vers-les-dones\/\" aria-label=\"Post image\"><img decoding=\"async\" class=\"preload-me lazy-load aspect\" src=\"data:image\/svg+xml,%3Csvg%20xmlns%3D&#39;http%3A%2F%2Fwww.w3.org%2F2000%2Fsvg&#39;%20viewBox%3D&#39;0%200%2060%2060&#39;%2F%3E\" data-src=\"https:\/\/inclusioaltemporda.cat\/portal\/wp-content\/uploads\/25N_JoEmPlanto-60x60.jpg\" data-srcset=\"https:\/\/inclusioaltemporda.cat\/portal\/wp-content\/uploads\/25N_JoEmPlanto-60x60.jpg 60w, https:\/\/inclusioaltemporda.cat\/portal\/wp-content\/uploads\/25N_JoEmPlanto-120x120.jpg 120w\" loading=\"eager\" style=\"--ratio: 60 \/ 60\" sizes=\"(max-width: 60px) 100vw, 60px\" width=\"60\" height=\"60\"  alt=\"\" \/><\/a><\/div><div class=\"post-content\"><a href=\"https:\/\/inclusioaltemporda.cat\/portal\/el-consell-comarcal-de-lalt-emporda-programa-diverses-accions-de-sensibilitzacio-amb-motiu-del-dia-internacional-per-lerradicacio-de-la-violencia-vers-les-dones\/\">El Consell Comarcal de l\u2019Alt Empord\u00e0 programa accions de sensibilitzaci\u00f3 amb motiu del Dia Internacional per l\u2019Erradicaci\u00f3 de la Viol\u00e8ncia vers les Dones<\/a><br \/><time class=\"text-secondary\" datetime=\"2024-11-25T08:41:06+01:00\">25\/11\/2024<\/time><\/div><\/article><\/div><div class=\"wf-cell wf-1\"><article class=\"post-format-standard\"><div class=\"mini-post-img\"><a class=\"alignleft post-rollover layzr-bg\" href=\"https:\/\/inclusioaltemporda.cat\/portal\/segon-iftar-comunitari-a-castello-dempuries\/\" aria-label=\"Post image\"><img decoding=\"async\" class=\"preload-me lazy-load aspect\" src=\"data:image\/svg+xml,%3Csvg%20xmlns%3D&#39;http%3A%2F%2Fwww.w3.org%2F2000%2Fsvg&#39;%20viewBox%3D&#39;0%200%2060%2060&#39;%2F%3E\" data-src=\"https:\/\/inclusioaltemporda.cat\/portal\/wp-content\/uploads\/Cartell-Iftar-Castello-web-60x60.png\" data-srcset=\"https:\/\/inclusioaltemporda.cat\/portal\/wp-content\/uploads\/Cartell-Iftar-Castello-web-60x60.png 60w, https:\/\/inclusioaltemporda.cat\/portal\/wp-content\/uploads\/Cartell-Iftar-Castello-web-120x120.png 120w\" loading=\"eager\" style=\"--ratio: 60 \/ 60\" sizes=\"(max-width: 60px) 100vw, 60px\" width=\"60\" height=\"60\"  alt=\"\" \/><\/a><\/div><div class=\"post-content\"><a href=\"https:\/\/inclusioaltemporda.cat\/portal\/segon-iftar-comunitari-a-castello-dempuries\/\">Segon Iftar comunitari a Castell\u00f3 d&#8217;Emp\u00faries<\/a><br \/><time class=\"text-secondary\" datetime=\"2024-03-26T13:57:05+01:00\">26\/03\/2024<\/time><\/div><\/article><\/div><div class=\"wf-cell wf-1\"><article class=\"post-format-standard\"><div class=\"mini-post-img\"><a class=\"alignleft post-rollover layzr-bg\" href=\"https:\/\/inclusioaltemporda.cat\/portal\/jornada-de-formacio-de-la-taula-dinclusio-de-lalt-emporda-reptes-i-nous-abordatges-a-la-cobertura-de-necessitats-basiques\/\" aria-label=\"Post image\"><img decoding=\"async\" class=\"preload-me lazy-load aspect\" src=\"data:image\/svg+xml,%3Csvg%20xmlns%3D&#39;http%3A%2F%2Fwww.w3.org%2F2000%2Fsvg&#39;%20viewBox%3D&#39;0%200%2060%2060&#39;%2F%3E\" data-src=\"https:\/\/inclusioaltemporda.cat\/portal\/wp-content\/uploads\/Jordi-Martori-web-60x60.jpg\" data-srcset=\"https:\/\/inclusioaltemporda.cat\/portal\/wp-content\/uploads\/Jordi-Martori-web-60x60.jpg 60w, https:\/\/inclusioaltemporda.cat\/portal\/wp-content\/uploads\/Jordi-Martori-web-120x120.jpg 120w\" loading=\"eager\" style=\"--ratio: 60 \/ 60\" sizes=\"(max-width: 60px) 100vw, 60px\" width=\"60\" height=\"60\"  alt=\"\" \/><\/a><\/div><div class=\"post-content\"><a href=\"https:\/\/inclusioaltemporda.cat\/portal\/jornada-de-formacio-de-la-taula-dinclusio-de-lalt-emporda-reptes-i-nous-abordatges-a-la-cobertura-de-necessitats-basiques\/\">Jornada de formaci\u00f3 de la Taula d\u2019Inclusi\u00f3 de l\u2019Alt Empord\u00e0 \u201cReptes i nous abordatges a la cobertura de necessitats b\u00e0siques\u201d<\/a><br \/><time class=\"text-secondary\" datetime=\"2023-11-08T14:41:31+01:00\">08\/11\/2023<\/time><\/div><\/article><\/div><div class=\"wf-cell wf-1\"><article class=\"post-format-standard\"><div class=\"mini-post-img\"><a class=\"alignleft post-rollover layzr-bg\" href=\"https:\/\/inclusioaltemporda.cat\/portal\/la-taula-comarcal-pels-drets-de-les-persones-grans-organitza-la-2a-setmana-per-compartir-amb-activitats-a-escoles-i-instituts\/\" aria-label=\"Post image\"><img decoding=\"async\" class=\"preload-me lazy-load aspect\" src=\"data:image\/svg+xml,%3Csvg%20xmlns%3D&#39;http%3A%2F%2Fwww.w3.org%2F2000%2Fsvg&#39;%20viewBox%3D&#39;0%200%2060%2060&#39;%2F%3E\" data-src=\"https:\/\/inclusioaltemporda.cat\/portal\/wp-content\/uploads\/escola_bascara_2_002-60x60.jpeg\" data-srcset=\"https:\/\/inclusioaltemporda.cat\/portal\/wp-content\/uploads\/escola_bascara_2_002-60x60.jpeg 60w, https:\/\/inclusioaltemporda.cat\/portal\/wp-content\/uploads\/escola_bascara_2_002-120x120.jpeg 120w\" loading=\"eager\" style=\"--ratio: 60 \/ 60\" sizes=\"(max-width: 60px) 100vw, 60px\" width=\"60\" height=\"60\"  alt=\"\" \/><\/a><\/div><div class=\"post-content\"><a href=\"https:\/\/inclusioaltemporda.cat\/portal\/la-taula-comarcal-pels-drets-de-les-persones-grans-organitza-la-2a-setmana-per-compartir-amb-activitats-a-escoles-i-instituts\/\">La Taula Comarcal pels Drets de les Persones Grans organitza la 2a \u00abSetmana per compartir\u00bb amb activitats a escoles i instituts<\/a><br \/><time class=\"text-secondary\" datetime=\"2023-10-30T11:17:49+01:00\">30\/10\/2023<\/time><\/div><\/article><\/div><\/section>[\/vc_column][\/vc_row]<\/p>\n<\/div>","protected":false},"excerpt":{"rendered":"<p>[vc_row][vc_column][vc_column_text] Participa [\/vc_column_text][\/vc_column][\/vc_row][vc_row margin_top=&#8221;20&#8243; margin_bottom=&#8221;0&#8243;][vc_column width=&#8221;1\/4&#8243;][vc_column_text] El Pla per a la Inclusi\u00f3 i la Cohesi\u00f3 Social a l&#8217;Alt Empord\u00e0 \u00e9s un marc d&#8217;acci\u00f3 en qu\u00e8 la participaci\u00f3 \u00e9s un fonament&hellip;<\/p>\n","protected":false},"author":2,"featured_media":0,"parent":0,"menu_order":0,"comment_status":"closed","ping_status":"closed","template":"","meta":{"footnotes":""},"class_list":["post-3130","page","type-page","status-publish","hentry","description-off"],"_links":{"self":[{"href":"https:\/\/inclusioaltemporda.cat\/portal\/wp-json\/wp\/v2\/pages\/3130","targetHints":{"allow":["GET"]}}],"collection":[{"href":"https:\/\/inclusioaltemporda.cat\/portal\/wp-json\/wp\/v2\/pages"}],"about":[{"href":"https:\/\/inclusioaltemporda.cat\/portal\/wp-json\/wp\/v2\/types\/page"}],"author":[{"embeddable":true,"href":"https:\/\/inclusioaltemporda.cat\/portal\/wp-json\/wp\/v2\/users\/2"}],"replies":[{"embeddable":true,"href":"https:\/\/inclusioaltemporda.cat\/portal\/wp-json\/wp\/v2\/comments?post=3130"}],"version-history":[{"count":31,"href":"https:\/\/inclusioaltemporda.cat\/portal\/wp-json\/wp\/v2\/pages\/3130\/revisions"}],"predecessor-version":[{"id":8882,"href":"https:\/\/inclusioaltemporda.cat\/portal\/wp-json\/wp\/v2\/pages\/3130\/revisions\/8882"}],"wp:attachment":[{"href":"https:\/\/inclusioaltemporda.cat\/portal\/wp-json\/wp\/v2\/media?parent=3130"}],"curies":[{"name":"wp","href":"https:\/\/api.w.org\/{rel}","templated":true}]}}

<div class="wpb-content-wrapper"><p>[vc_row][vc_column][vc_column_text]</p>
<h3>Participa</h3>
<p>[/vc_column_text][/vc_column][/vc_row][vc_row margin_top=&#8221;20&#8243; margin_bottom=&#8221;0&#8243;][vc_column width=&#8221;1/4&#8243;][vc_column_text]</p>
<h4>El Pla per a la Inclusió i la Cohesió Social a l&#8217;Alt Empordà és un marc d&#8217;acció en què la participació és un fonament i eix de treball prioritari.</h4>
<p>[/vc_column_text][/vc_column][vc_column width=&#8221;1/4&#8243;][vc_column_text]<img loading="lazy" decoding="async" class="size-full wp-image-3645 alignnone" src="https://inclusioaltemporda.cat/portal/wp-content/uploads/icona_entitat_petita.png" alt="icona_entitat_petita" width="110" height="96" /></p>
<p>Si sou una entitat de la comarca i teniu interès a ser membres i participar a la Taula d&#8217;Inclusió, contacteu amb nosaltres: <a href="mailto:inclusio@altemporda.cat">inclusio@altemporda.cat</a>[/vc_column_text][/vc_column][vc_column width=&#8221;1/4&#8243;][vc_column_text]<img loading="lazy" decoding="async" class="size-full wp-image-3644 alignnone" src="https://inclusioaltemporda.cat/portal/wp-content/uploads/icona_empreses_petita.png" alt="icona_empreses_petita" width="110" height="96" /></p>
<p>Si sou una empresa que feu de la Responsabilitat Social Corporativa (RSC) un eix de la vostra actuació i teniu interès a col·laborar en projectes solidaris a la comarca, contacteu amb nosaltres: <a href="mailto:inclusio@altemporda.cat">inclusio@altemporda.cat</a>[/vc_column_text][/vc_column][vc_column width=&#8221;1/4&#8243;][vc_column_text]<img loading="lazy" decoding="async" class="size-full wp-image-3643 alignnone" src="https://inclusioaltemporda.cat/portal/wp-content/uploads/icona_ciutadania_petita.png" alt="icona_ciutadania_petita" width="110" height="96" /></p>
<p>Si sou un ciutadà/ciutadana i teniu interès a participar com a voluntari en projectes solidaris de les entitats de la comarca, accediu a l&#8217;apartat Taula d&#8217;Inclusió des d&#8217;on podreu conèixer les entitats socials de la comarca i els seus projectes.[/vc_column_text][/vc_column][/vc_row][vc_row margin_top=&#8221;30&#8243; margin_bottom=&#8221;0&#8243;][vc_column width=&#8221;1/2&#8243;][vc_column_text]</p>
<h3>Notícies</h3>
<p>[/vc_column_text][vc_basic_grid post_type=&#8221;post&#8221; max_items=&#8221;2&#8243; element_width=&#8221;6&#8243; gap=&#8221;20&#8243; item=&#8221;5927&#8243; initial_loading_animation=&#8221;none&#8221; grid_id=&#8221;vc_gid:1774894954812-a0be6c45-6e1a-0&#8243; taxonomies=&#8221;1&#8243; el_class=&#8221;home-news&#8221;][/vc_column][vc_column width=&#8221;1/2&#8243;][vc_column_text]</p>
<h3>Agenda</h3>
<p>[/vc_column_text]<section class="items-grid wf-container"><div class="wf-cell wf-1"><article class="post-format-standard"><div class="mini-post-img"><a class="alignleft post-rollover layzr-bg" href="https://inclusioaltemporda.cat/portal/el-consell-comarcal-de-lalt-emporda-programa-diverses-accions-de-sensibilitzacio-amb-motiu-del-dia-internacional-per-lerradicacio-de-la-violencia-vers-les-dones/" aria-label="Post image"><img decoding="async" class="preload-me lazy-load aspect" src="data:image/svg+xml,%3Csvg%20xmlns%3D&#39;http%3A%2F%2Fwww.w3.org%2F2000%2Fsvg&#39;%20viewBox%3D&#39;0%200%2060%2060&#39;%2F%3E" data-src="https://inclusioaltemporda.cat/portal/wp-content/uploads/25N_JoEmPlanto-60x60.jpg" data-srcset="https://inclusioaltemporda.cat/portal/wp-content/uploads/25N_JoEmPlanto-60x60.jpg 60w, https://inclusioaltemporda.cat/portal/wp-content/uploads/25N_JoEmPlanto-120x120.jpg 120w" loading="eager" style="--ratio: 60 / 60" sizes="(max-width: 60px) 100vw, 60px" width="60" height="60"  alt="" /></a></div><div class="post-content"><a href="https://inclusioaltemporda.cat/portal/el-consell-comarcal-de-lalt-emporda-programa-diverses-accions-de-sensibilitzacio-amb-motiu-del-dia-internacional-per-lerradicacio-de-la-violencia-vers-les-dones/">El Consell Comarcal de l’Alt Empordà programa accions de sensibilització amb motiu del Dia Internacional per l’Erradicació de la Violència vers les Dones</a><br /><time class="text-secondary" datetime="2024-11-25T08:41:06+01:00">25/11/2024</time></div></article></div><div class="wf-cell wf-1"><article class="post-format-standard"><div class="mini-post-img"><a class="alignleft post-rollover layzr-bg" href="https://inclusioaltemporda.cat/portal/segon-iftar-comunitari-a-castello-dempuries/" aria-label="Post image"><img decoding="async" class="preload-me lazy-load aspect" src="data:image/svg+xml,%3Csvg%20xmlns%3D&#39;http%3A%2F%2Fwww.w3.org%2F2000%2Fsvg&#39;%20viewBox%3D&#39;0%200%2060%2060&#39;%2F%3E" data-src="https://inclusioaltemporda.cat/portal/wp-content/uploads/Cartell-Iftar-Castello-web-60x60.png" data-srcset="https://inclusioaltemporda.cat/portal/wp-content/uploads/Cartell-Iftar-Castello-web-60x60.png 60w, https://inclusioaltemporda.cat/portal/wp-content/uploads/Cartell-Iftar-Castello-web-120x120.png 120w" loading="eager" style="--ratio: 60 / 60" sizes="(max-width: 60px) 100vw, 60px" width="60" height="60"  alt="" /></a></div><div class="post-content"><a href="https://inclusioaltemporda.cat/portal/segon-iftar-comunitari-a-castello-dempuries/">Segon Iftar comunitari a Castelló d&#8217;Empúries</a><br /><time class="text-secondary" datetime="2024-03-26T13:57:05+01:00">26/03/2024</time></div></article></div><div class="wf-cell wf-1"><article class="post-format-standard"><div class="mini-post-img"><a class="alignleft post-rollover layzr-bg" href="https://inclusioaltemporda.cat/portal/jornada-de-formacio-de-la-taula-dinclusio-de-lalt-emporda-reptes-i-nous-abordatges-a-la-cobertura-de-necessitats-basiques/" aria-label="Post image"><img decoding="async" class="preload-me lazy-load aspect" src="data:image/svg+xml,%3Csvg%20xmlns%3D&#39;http%3A%2F%2Fwww.w3.org%2F2000%2Fsvg&#39;%20viewBox%3D&#39;0%200%2060%2060&#39;%2F%3E" data-src="https://inclusioaltemporda.cat/portal/wp-content/uploads/Jordi-Martori-web-60x60.jpg" data-srcset="https://inclusioaltemporda.cat/portal/wp-content/uploads/Jordi-Martori-web-60x60.jpg 60w, https://inclusioaltemporda.cat/portal/wp-content/uploads/Jordi-Martori-web-120x120.jpg 120w" loading="eager" style="--ratio: 60 / 60" sizes="(max-width: 60px) 100vw, 60px" width="60" height="60"  alt="" /></a></div><div class="post-content"><a href="https://inclusioaltemporda.cat/portal/jornada-de-formacio-de-la-taula-dinclusio-de-lalt-emporda-reptes-i-nous-abordatges-a-la-cobertura-de-necessitats-basiques/">Jornada de formació de la Taula d’Inclusió de l’Alt Empordà “Reptes i nous abordatges a la cobertura de necessitats bàsiques”</a><br /><time class="text-secondary" datetime="2023-11-08T14:41:31+01:00">08/11/2023</time></div></article></div><div class="wf-cell wf-1"><article class="post-format-standard"><div class="mini-post-img"><a class="alignleft post-rollover layzr-bg" href="https://inclusioaltemporda.cat/portal/la-taula-comarcal-pels-drets-de-les-persones-grans-organitza-la-2a-setmana-per-compartir-amb-activitats-a-escoles-i-instituts/" aria-label="Post image"><img decoding="async" class="preload-me lazy-load aspect" src="data:image/svg+xml,%3Csvg%20xmlns%3D&#39;http%3A%2F%2Fwww.w3.org%2F2000%2Fsvg&#39;%20viewBox%3D&#39;0%200%2060%2060&#39;%2F%3E" data-src="https://inclusioaltemporda.cat/portal/wp-content/uploads/escola_bascara_2_002-60x60.jpeg" data-srcset="https://inclusioaltemporda.cat/portal/wp-content/uploads/escola_bascara_2_002-60x60.jpeg 60w, https://inclusioaltemporda.cat/portal/wp-content/uploads/escola_bascara_2_002-120x120.jpeg 120w" loading="eager" style="--ratio: 60 / 60" sizes="(max-width: 60px) 100vw, 60px" width="60" height="60"  alt="" /></a></div><div class="post-content"><a href="https://inclusioaltemporda.cat/portal/la-taula-comarcal-pels-drets-de-les-persones-grans-organitza-la-2a-setmana-per-compartir-amb-activitats-a-escoles-i-instituts/">La Taula Comarcal pels Drets de les Persones Grans organitza la 2a «Setmana per compartir» amb activitats a escoles i instituts</a><br /><time class="text-secondary" datetime="2023-10-30T11:17:49+01:00">30/10/2023</time></div></article></div></section>[/vc_column][/vc_row]</p>
</div>

<p>[vc_row][vc_column][vc_column_text] Participa [/vc_column_text][/vc_column][/vc_row][vc_row margin_top=&#8221;20&#8243; margin_bottom=&#8221;0&#8243;][vc_column width=&#8221;1/4&#8243;][vc_column_text] El Pla per a la Inclusió i la Cohesió Social a l&#8217;Alt Empordà és un marc d&#8217;acció en què la participació és un fonament&hellip;</p>
