{"id":6561,"date":"2018-02-05T10:56:20","date_gmt":"2018-02-05T09:56:20","guid":{"rendered":"https:\/\/inclusioaltemporda.cat\/portal\/?page_id=6561"},"modified":"2018-02-05T12:47:31","modified_gmt":"2018-02-05T11:47:31","slug":"programa-de-millora-social-del-pla-de-barris","status":"publish","type":"page","link":"https:\/\/inclusioaltemporda.cat\/portal\/programa-de-millora-social-del-pla-de-barris\/","title":{"rendered":"Programa de millora social del Pla de Barris"},"content":{"rendered":"<div class=\"wpb-content-wrapper\"><p>[vc_row][vc_column width=&#8221;1\/2&#8243; el_class=&#8221;Programa de millora social &#8220;][vc_column_text]<\/p>\n<p align=\"JUSTIFY\"><strong>Programa de millora social del Pla de Barris de l&#8217;Escala<\/strong><\/p>\n<p align=\"JUSTIFY\">L&#8217;Ajuntament de L&#8217;Escala ha posat en marxa el programa de millora social del Pla de Barris que t\u00e9 com a objectiu millorar les condicions de vida dels ve\u00efns i ve\u00efnes del nucli antic i del municipi.<\/p>\n<p align=\"JUSTIFY\">El Pla d&#8217;Intervenci\u00f3 Integral del nucli antic de l&#8217;Escala (Pla de Barris) ha previst el desplegament d&#8217;aquest programa espec\u00edfic per a la millora social, urban\u00edstica i econ\u00f2mica del nucli antic del municipi, tal i com estableix la Llei de Barris aprovada pel Parlament de Catalunya l&#8217;any 2004 que regula aquestes intervencions locals.<\/p>\n<p align=\"JUSTIFY\">El programa de millora social, gestionat per l&#8217;Equip d&#8217;Inclusi\u00f3 i Atenci\u00f3 a la Comunitat, es portar\u00e0 a terme al llarg de l&#8217;any 2018 i compta amb finan\u00e7ament de l&#8217;Ajuntament de L&#8217;Escala i del departament de Governaci\u00f3, Administracions P\u00fabliques i Habitatge de la Generalitat de Catalunya.<\/p>\n<p align=\"JUSTIFY\">Les actuacions de renovaci\u00f3 urban\u00edstica del nucli antic portades a terme per l&#8217;Ajuntament de l&#8217;Escala en els darrers anys es complementen amb aquest\u00a0programa de millora social per:<\/p>\n<ol>\n<li>Fomentar el bon ve\u00efnatge i la conviv\u00e8ncia al nucli antic<\/li>\n<li>Refor\u00e7ar la detecci\u00f3 i la intervenci\u00f3 en casos de risc d&#8217;exclusi\u00f3 social<\/li>\n<li>Potenciar el voluntariat, refor\u00e7ar les entitats del municipi i el treball en xarxa<\/li>\n<li>Promoure la participaci\u00f3 social dels ve\u00efns i ve\u00efnes per refor\u00e7ar la cohesi\u00f3 social<\/li>\n<\/ol>\n<p align=\"JUSTIFY\"><strong>Propostes d&#8217;actuaci\u00f3<\/strong><\/p>\n<ol>\n<li><b>Porta a porta al nucli antic<\/b>. Un equip d&#8217;enquestadors visitar\u00e0 les fam\u00edlies del nucli antic per con\u00e8ixer les necessitats socials, promoure la mediaci\u00f3 ve\u00efnal, prevenir conflictes i refor\u00e7ar la conviv\u00e8ncia.<\/li>\n<li><b>Programa comunitari \u00c0ncora<\/b>. Per detectar i prevenir les situacions d&#8217;a\u00efllament de les persones grans que viuen soles i evitar situacions de risc social. El programa es posar\u00e0 en marxa amb un grup de voluntaris, amb els ve\u00efns i ve\u00efnes, els espais i equipaments del municipi i les entitats socials.<\/li>\n<li><b>Intervenci\u00f3 socioeducativa amb infants i adolescents<\/b> per millorar el seu benestar emocional.<\/li>\n<li><b>Accions intergeneracionals<\/b> i interculturals per promoure la participaci\u00f3 dels joves, les fam\u00edlies i els m\u00e9s grans en activitats culturals i festives del municipi.<\/li>\n<li><b>Espai + 60<\/b>. Dinamitzaci\u00f3 comunit\u00e0ria per promoure accions orientades a l&#8217;envelliment actiu de la poblaci\u00f3.<\/li>\n<li>Programa<b> de foment del voluntariat<\/b> per refor\u00e7ar les entitats i les accions d&#8217;inclusi\u00f3 social.<\/li>\n<\/ol>\n<p align=\"JUSTIFY\">Totes les actuacions es dissenyaran i implementaran tenint en compte la perspectiva de g\u00e8nere.<\/p>\n<p>[\/vc_column_text][\/vc_column][vc_column width=&#8221;1\/2&#8243; el_class=&#8221;Foment de la participaci\u00f3 i millorar la conv\u00ecv\u00e8ncia &#8220;][vc_column_text]<\/p>\n<p align=\"JUSTIFY\"><strong>Promoure\u00a0la participaci\u00f3 ciutadana i millorar la conviv\u00e8ncia, eixos\u00a0vertebradors del programa<\/strong><\/p>\n<p align=\"JUSTIFY\">El programa de millora social, urban\u00edstica i econ\u00f2mica del nucli antic de L&#8217;Escala permetr\u00e0 promoure una intervenci\u00f3 integral al barri. Tal i com estableix la Llei de Barris, la participaci\u00f3 ciutadana i la millora de la conviv\u00e8ncia s\u00f3n eixos vertebradors del programa.<\/p>\n<p align=\"JUSTIFY\">El programa de millora social establir\u00e0 les condicions i els espais de participaci\u00f3 perqu\u00e8 els ve\u00efns i ve\u00efnes i les entitats del municipi comparteixin i s&#8217;impliquin en el disseny i la coproducci\u00f3 de les actuacions previstes i la seva implementaci\u00f3. Aquest treball en xarxa es promour\u00e0 mitjan\u00e7ant processos de formaci\u00f3, de dinamitzaci\u00f3 i acci\u00f3 comunit\u00e0ria i mecanismes i espais adequats per tal que les propostes tinguin una incid\u00e8ncia real en el barri i al municipi.<\/p>\n<p align=\"JUSTIFY\">Amb aquesta finalitat s&#8217;ha obert l&#8217;Oficina del programa de millora social del Pla de Barris com a espai municipal que permetr\u00e0 treballar amb els ve\u00efns i ve\u00efnes i les entitats.<\/p>\n<p align=\"JUSTIFY\">A l&#8217;Oficina del programa de millora social, ubicada a l&#8217;edifici de Can Masset a la pla\u00e7a de les escoles, hi trobareu l&#8217;equip de dinamitzaci\u00f3 comunit\u00e0ria i tota la informaci\u00f3 sobre el projecte.<\/p>\n<p align=\"JUSTIFY\"><strong>La perspectiva de g\u00e8nere<\/strong><\/p>\n<p align=\"LEFT\">D&#8217;acord amb la Llei de Barris,\u00a0el programa de millora social incorpora\u00a0de forma transversal par\u00e0metres d&#8217;equitat de g\u00e8nere en totes les\u00a0seves actuacions. La\u00a0perspectiva de g\u00e8nere s&#8217;introdueix en totes les fases de treball\u00a0de la programaci\u00f3 i execuci\u00f3 de les accions (diagn\u00f2stic, disseny, implementaci\u00f3 i avaluaci\u00f3). En concret,<\/p>\n<ol>\n<li><b>Porta a porta<\/b>: s&#8217;han recollit mitjan\u00e7ant enquesta personal les\u00a0opinions d&#8217;homes i dones, de diferents edats i proced\u00e8ncies per con\u00e8ixer les\u00a0necessitats socials\u00a0dels ve\u00efns i ve\u00efnes i detectar \u00e0mbits d&#8217;intervenci\u00f3 i mediaci\u00f3 comunit\u00e0ria (habitatges, espais p\u00fablics, equipaments municipals).<\/li>\n<li><strong>Programa comunitari \u00c0ncora<\/strong>: recull les necessitats de dones i homes majors de 65 anys per prevenir la solitud i l&#8217;a\u00efllament.<\/li>\n<li><b>Observatori social<\/b>: s&#8217;ha elaborat el diagn\u00f2stic social del municipi a partir\u00a0d&#8217;indicadors amb perspectiva de g\u00e8nere.<\/li>\n<li><strong>Visibilitzaci\u00f3 de la diversitat i el g\u00e8nere<\/strong>. La perspectiva de g\u00e8nere s&#8217;introdueix en tots els elements de comunicaci\u00f3 del programa de millora social.<\/li>\n<\/ol>\n<p>Accions\u00a0previstes<\/p>\n<ul>\n<li><a href=\"https:\/\/inclusioaltemporda.cat\/portal\/wp-content\/uploads\/cursalfabetitzacioweb-3.jpg\">Curs d&#8217;alfabetitzaci\u00f3 en catal\u00e0 (6 de febrer al 16 de mar\u00e7 de 2018<\/a>)<\/li>\n<li><a href=\"https:\/\/inclusioaltemporda.cat\/portal\/wp-content\/uploads\/D\u00cdPTIC-PLA-DE-BARRIS-LESCALA-2018-1.pdf\">Jornada de formaci\u00f3 per a entitats (17 de febrer de 2018<\/a>)<\/li>\n<li>Curs d&#8217;acollida per a persones d&#8217;origen estranger (19 al 23 de mar\u00e7)<\/li>\n<\/ul>\n<p>&nbsp;<\/p>\n<p>&nbsp;<\/p>\n<p>&nbsp;<\/p>\n<p>[\/vc_column_text][\/vc_column][\/vc_row]<\/p>\n<\/div>","protected":false},"excerpt":{"rendered":"<p>[vc_row][vc_column width=&#8221;1\/2&#8243; el_class=&#8221;Programa de millora social &#8220;][vc_column_text] Programa de millora social del Pla de Barris de l&#8217;Escala L&#8217;Ajuntament de L&#8217;Escala ha posat en marxa el programa de millora social del&hellip;<\/p>\n","protected":false},"author":3,"featured_media":0,"parent":0,"menu_order":0,"comment_status":"closed","ping_status":"closed","template":"","meta":{"footnotes":""},"class_list":["post-6561","page","type-page","status-publish","hentry","description-off"],"_links":{"self":[{"href":"https:\/\/inclusioaltemporda.cat\/portal\/wp-json\/wp\/v2\/pages\/6561","targetHints":{"allow":["GET"]}}],"collection":[{"href":"https:\/\/inclusioaltemporda.cat\/portal\/wp-json\/wp\/v2\/pages"}],"about":[{"href":"https:\/\/inclusioaltemporda.cat\/portal\/wp-json\/wp\/v2\/types\/page"}],"author":[{"embeddable":true,"href":"https:\/\/inclusioaltemporda.cat\/portal\/wp-json\/wp\/v2\/users\/3"}],"replies":[{"embeddable":true,"href":"https:\/\/inclusioaltemporda.cat\/portal\/wp-json\/wp\/v2\/comments?post=6561"}],"version-history":[{"count":6,"href":"https:\/\/inclusioaltemporda.cat\/portal\/wp-json\/wp\/v2\/pages\/6561\/revisions"}],"predecessor-version":[{"id":6588,"href":"https:\/\/inclusioaltemporda.cat\/portal\/wp-json\/wp\/v2\/pages\/6561\/revisions\/6588"}],"wp:attachment":[{"href":"https:\/\/inclusioaltemporda.cat\/portal\/wp-json\/wp\/v2\/media?parent=6561"}],"curies":[{"name":"wp","href":"https:\/\/api.w.org\/{rel}","templated":true}]}}

<div class="wpb-content-wrapper"><p>[vc_row][vc_column width=&#8221;1/2&#8243; el_class=&#8221;Programa de millora social &#8220;][vc_column_text]</p>
<p align="JUSTIFY"><strong>Programa de millora social del Pla de Barris de l&#8217;Escala</strong></p>
<p align="JUSTIFY">L&#8217;Ajuntament de L&#8217;Escala ha posat en marxa el programa de millora social del Pla de Barris que té com a objectiu millorar les condicions de vida dels veïns i veïnes del nucli antic i del municipi.</p>
<p align="JUSTIFY">El Pla d&#8217;Intervenció Integral del nucli antic de l&#8217;Escala (Pla de Barris) ha previst el desplegament d&#8217;aquest programa específic per a la millora social, urbanística i econòmica del nucli antic del municipi, tal i com estableix la Llei de Barris aprovada pel Parlament de Catalunya l&#8217;any 2004 que regula aquestes intervencions locals.</p>
<p align="JUSTIFY">El programa de millora social, gestionat per l&#8217;Equip d&#8217;Inclusió i Atenció a la Comunitat, es portarà a terme al llarg de l&#8217;any 2018 i compta amb finançament de l&#8217;Ajuntament de L&#8217;Escala i del departament de Governació, Administracions Públiques i Habitatge de la Generalitat de Catalunya.</p>
<p align="JUSTIFY">Les actuacions de renovació urbanística del nucli antic portades a terme per l&#8217;Ajuntament de l&#8217;Escala en els darrers anys es complementen amb aquest programa de millora social per:</p>
<ol>
<li>Fomentar el bon veïnatge i la convivència al nucli antic</li>
<li>Reforçar la detecció i la intervenció en casos de risc d&#8217;exclusió social</li>
<li>Potenciar el voluntariat, reforçar les entitats del municipi i el treball en xarxa</li>
<li>Promoure la participació social dels veïns i veïnes per reforçar la cohesió social</li>
</ol>
<p align="JUSTIFY"><strong>Propostes d&#8217;actuació</strong></p>
<ol>
<li><b>Porta a porta al nucli antic</b>. Un equip d&#8217;enquestadors visitarà les famílies del nucli antic per conèixer les necessitats socials, promoure la mediació veïnal, prevenir conflictes i reforçar la convivència.</li>
<li><b>Programa comunitari Àncora</b>. Per detectar i prevenir les situacions d&#8217;aïllament de les persones grans que viuen soles i evitar situacions de risc social. El programa es posarà en marxa amb un grup de voluntaris, amb els veïns i veïnes, els espais i equipaments del municipi i les entitats socials.</li>
<li><b>Intervenció socioeducativa amb infants i adolescents</b> per millorar el seu benestar emocional.</li>
<li><b>Accions intergeneracionals</b> i interculturals per promoure la participació dels joves, les famílies i els més grans en activitats culturals i festives del municipi.</li>
<li><b>Espai + 60</b>. Dinamització comunitària per promoure accions orientades a l&#8217;envelliment actiu de la població.</li>
<li>Programa<b> de foment del voluntariat</b> per reforçar les entitats i les accions d&#8217;inclusió social.</li>
</ol>
<p align="JUSTIFY">Totes les actuacions es dissenyaran i implementaran tenint en compte la perspectiva de gènere.</p>
<p>[/vc_column_text][/vc_column][vc_column width=&#8221;1/2&#8243; el_class=&#8221;Foment de la participació i millorar la convìvència &#8220;][vc_column_text]</p>
<p align="JUSTIFY"><strong>Promoure la participació ciutadana i millorar la convivència, eixos vertebradors del programa</strong></p>
<p align="JUSTIFY">El programa de millora social, urbanística i econòmica del nucli antic de L&#8217;Escala permetrà promoure una intervenció integral al barri. Tal i com estableix la Llei de Barris, la participació ciutadana i la millora de la convivència són eixos vertebradors del programa.</p>
<p align="JUSTIFY">El programa de millora social establirà les condicions i els espais de participació perquè els veïns i veïnes i les entitats del municipi comparteixin i s&#8217;impliquin en el disseny i la coproducció de les actuacions previstes i la seva implementació. Aquest treball en xarxa es promourà mitjançant processos de formació, de dinamització i acció comunitària i mecanismes i espais adequats per tal que les propostes tinguin una incidència real en el barri i al municipi.</p>
<p align="JUSTIFY">Amb aquesta finalitat s&#8217;ha obert l&#8217;Oficina del programa de millora social del Pla de Barris com a espai municipal que permetrà treballar amb els veïns i veïnes i les entitats.</p>
<p align="JUSTIFY">A l&#8217;Oficina del programa de millora social, ubicada a l&#8217;edifici de Can Masset a la plaça de les escoles, hi trobareu l&#8217;equip de dinamització comunitària i tota la informació sobre el projecte.</p>
<p align="JUSTIFY"><strong>La perspectiva de gènere</strong></p>
<p align="LEFT">D&#8217;acord amb la Llei de Barris, el programa de millora social incorpora de forma transversal paràmetres d&#8217;equitat de gènere en totes les seves actuacions. La perspectiva de gènere s&#8217;introdueix en totes les fases de treball de la programació i execució de les accions (diagnòstic, disseny, implementació i avaluació). En concret,</p>
<ol>
<li><b>Porta a porta</b>: s&#8217;han recollit mitjançant enquesta personal les opinions d&#8217;homes i dones, de diferents edats i procedències per conèixer les necessitats socials dels veïns i veïnes i detectar àmbits d&#8217;intervenció i mediació comunitària (habitatges, espais públics, equipaments municipals).</li>
<li><strong>Programa comunitari Àncora</strong>: recull les necessitats de dones i homes majors de 65 anys per prevenir la solitud i l&#8217;aïllament.</li>
<li><b>Observatori social</b>: s&#8217;ha elaborat el diagnòstic social del municipi a partir d&#8217;indicadors amb perspectiva de gènere.</li>
<li><strong>Visibilització de la diversitat i el gènere</strong>. La perspectiva de gènere s&#8217;introdueix en tots els elements de comunicació del programa de millora social.</li>
</ol>
<p>Accions previstes</p>
<ul>
<li><a href="https://inclusioaltemporda.cat/portal/wp-content/uploads/cursalfabetitzacioweb-3.jpg">Curs d&#8217;alfabetització en català (6 de febrer al 16 de març de 2018</a>)</li>
<li><a href="https://inclusioaltemporda.cat/portal/wp-content/uploads/DÍPTIC-PLA-DE-BARRIS-LESCALA-2018-1.pdf">Jornada de formació per a entitats (17 de febrer de 2018</a>)</li>
<li>Curs d&#8217;acollida per a persones d&#8217;origen estranger (19 al 23 de març)</li>
</ul>
<p>&nbsp;</p>
<p>&nbsp;</p>
<p>&nbsp;</p>
<p>[/vc_column_text][/vc_column][/vc_row]</p>
</div>
