{"id":7496,"date":"2019-11-26T12:37:35","date_gmt":"2019-11-26T11:37:35","guid":{"rendered":"https:\/\/inclusioaltemporda.cat\/portal\/?page_id=7496"},"modified":"2019-11-26T12:37:35","modified_gmt":"2019-11-26T11:37:35","slug":"infografies-memoria-de-larea-de-benestar-2018","status":"publish","type":"page","link":"https:\/\/inclusioaltemporda.cat\/portal\/infografies-memoria-de-larea-de-benestar-2018\/","title":{"rendered":"INFOGRAFIES Mem\u00f2ria de l&#8217;\u00e0rea de Benestar 2018"},"content":{"rendered":"<ul>\n<li><a href=\"https:\/\/inclusioaltemporda.cat\/portal\/wp-content\/uploads\/\u00c0REA-BENESTAR-2018.jpg\" target=\"_blank\" rel=\"noopener\">\u00c0rea de Benestar 2018<\/a><\/li>\n<li><a href=\"https:\/\/inclusioaltemporda.cat\/portal\/wp-content\/uploads\/SERVEIS-SOCIALS2018.jpg\" target=\"_blank\" rel=\"noopener\">Serveis B\u00e0sics d&#8217;Atenci\u00f3 Social<\/a><\/li>\n<li><a href=\"https:\/\/inclusioaltemporda.cat\/portal\/wp-content\/uploads\/SIAD-SIS-2018.jpg\" target=\"_blank\" rel=\"noopener\">SIAD. Atenci\u00f3 a les Dones &#8211; SIS. Inf\u00e0ncia i Adolsc\u00e8ncia<\/a><\/li>\n<li><a href=\"https:\/\/inclusioaltemporda.cat\/portal\/wp-content\/uploads\/INF\u00c0NCIA.jpg\" target=\"_blank\" rel=\"noopener\">Serveis d&#8217;Atenci\u00f3 a la Inf\u00e0ncia i Adolesc\u00e8ncia en risc<\/a><\/li>\n<li><a href=\"https:\/\/inclusioaltemporda.cat\/portal\/wp-content\/uploads\/DEPEND\u00c8NCIA-2019.jpg\" target=\"_blank\" rel=\"noopener\">Serveis d&#8217;Atenci\u00f3 a la Depend\u00e8ncia i Suport a les Fam\u00edlies<\/a><\/li>\n<li><a href=\"https:\/\/inclusioaltemporda.cat\/portal\/wp-content\/uploads\/INCLUSI\u00d3-2018.jpg\" target=\"_blank\" rel=\"noopener\">Serveis d&#8217;Inclusi\u00f3 i Atenci\u00f3 a la Comunitat. Projecte estrat\u00e8gics i Accions comunit\u00e0ries<\/a><\/li>\n<li><a href=\"https:\/\/inclusioaltemporda.cat\/portal\/wp-content\/uploads\/INCLUSI\u00d3-2-2018.jpg\" target=\"_blank\" rel=\"noopener\">Serveis d&#8217;Inclusi\u00f3 i Atenci\u00f3 a la Comunitat. Atenci\u00f3 a persones<\/a><\/li>\n<\/ul>\n","protected":false},"excerpt":{"rendered":"<p>\u00c0rea de Benestar 2018 Serveis B\u00e0sics d&#8217;Atenci\u00f3 Social SIAD. Atenci\u00f3 a les Dones &#8211; SIS. Inf\u00e0ncia i Adolsc\u00e8ncia Serveis d&#8217;Atenci\u00f3 a la Inf\u00e0ncia i Adolesc\u00e8ncia en risc Serveis d&#8217;Atenci\u00f3 a&hellip;<\/p>\n","protected":false},"author":2,"featured_media":0,"parent":0,"menu_order":0,"comment_status":"closed","ping_status":"closed","template":"","meta":{"footnotes":""},"class_list":["post-7496","page","type-page","status-publish","hentry","description-off"],"_links":{"self":[{"href":"https:\/\/inclusioaltemporda.cat\/portal\/wp-json\/wp\/v2\/pages\/7496","targetHints":{"allow":["GET"]}}],"collection":[{"href":"https:\/\/inclusioaltemporda.cat\/portal\/wp-json\/wp\/v2\/pages"}],"about":[{"href":"https:\/\/inclusioaltemporda.cat\/portal\/wp-json\/wp\/v2\/types\/page"}],"author":[{"embeddable":true,"href":"https:\/\/inclusioaltemporda.cat\/portal\/wp-json\/wp\/v2\/users\/2"}],"replies":[{"embeddable":true,"href":"https:\/\/inclusioaltemporda.cat\/portal\/wp-json\/wp\/v2\/comments?post=7496"}],"version-history":[{"count":1,"href":"https:\/\/inclusioaltemporda.cat\/portal\/wp-json\/wp\/v2\/pages\/7496\/revisions"}],"predecessor-version":[{"id":7498,"href":"https:\/\/inclusioaltemporda.cat\/portal\/wp-json\/wp\/v2\/pages\/7496\/revisions\/7498"}],"wp:attachment":[{"href":"https:\/\/inclusioaltemporda.cat\/portal\/wp-json\/wp\/v2\/media?parent=7496"}],"curies":[{"name":"wp","href":"https:\/\/api.w.org\/{rel}","templated":true}]}}