{"id":8808,"date":"2024-11-28T10:11:49","date_gmt":"2024-11-28T09:11:49","guid":{"rendered":"https:\/\/inclusioaltemporda.cat\/portal\/?page_id=8808"},"modified":"2024-11-28T10:12:27","modified_gmt":"2024-11-28T09:12:27","slug":"comissio-de-protocols","status":"publish","type":"page","link":"https:\/\/inclusioaltemporda.cat\/portal\/tiafaltemporda\/comissio-de-protocols\/","title":{"rendered":"Comissi\u00f3 de protocols"},"content":{"rendered":"<div class=\"wpb-content-wrapper\"><p>[vc_row][vc_column][vc_column_text css=&#8221;&#8221;]<strong>Comissi\u00f3 de revisi\u00f3 de protocols d&#8217;intervenci\u00f3 en casos de risc<\/strong>[\/vc_column_text][\/vc_column][\/vc_row]<\/p>\n<\/div>","protected":false},"excerpt":{"rendered":"<p>[vc_row][vc_column][vc_column_text css=&#8221;&#8221;]Comissi\u00f3 de revisi\u00f3 de protocols d&#8217;intervenci\u00f3 en casos de risc[\/vc_column_text][\/vc_column][\/vc_row]<\/p>\n","protected":false},"author":2,"featured_media":0,"parent":8762,"menu_order":0,"comment_status":"closed","ping_status":"closed","template":"","meta":{"footnotes":""},"class_list":["post-8808","page","type-page","status-publish","hentry","description-off"],"_links":{"self":[{"href":"https:\/\/inclusioaltemporda.cat\/portal\/wp-json\/wp\/v2\/pages\/8808","targetHints":{"allow":["GET"]}}],"collection":[{"href":"https:\/\/inclusioaltemporda.cat\/portal\/wp-json\/wp\/v2\/pages"}],"about":[{"href":"https:\/\/inclusioaltemporda.cat\/portal\/wp-json\/wp\/v2\/types\/page"}],"author":[{"embeddable":true,"href":"https:\/\/inclusioaltemporda.cat\/portal\/wp-json\/wp\/v2\/users\/2"}],"replies":[{"embeddable":true,"href":"https:\/\/inclusioaltemporda.cat\/portal\/wp-json\/wp\/v2\/comments?post=8808"}],"version-history":[{"count":2,"href":"https:\/\/inclusioaltemporda.cat\/portal\/wp-json\/wp\/v2\/pages\/8808\/revisions"}],"predecessor-version":[{"id":8810,"href":"https:\/\/inclusioaltemporda.cat\/portal\/wp-json\/wp\/v2\/pages\/8808\/revisions\/8810"}],"up":[{"embeddable":true,"href":"https:\/\/inclusioaltemporda.cat\/portal\/wp-json\/wp\/v2\/pages\/8762"}],"wp:attachment":[{"href":"https:\/\/inclusioaltemporda.cat\/portal\/wp-json\/wp\/v2\/media?parent=8808"}],"curies":[{"name":"wp","href":"https:\/\/api.w.org\/{rel}","templated":true}]}}

Comissió de protocols

<div class="wpb-content-wrapper"><p>[vc_row][vc_column][vc_column_text css=&#8221;&#8221;]<strong>Comissió de revisió de protocols d&#8217;intervenció en casos de risc</strong>[/vc_column_text][/vc_column][/vc_row]</p>
</div>

<p>[vc_row][vc_column][vc_column_text css=&#8221;&#8221;]Comissió de revisió de protocols d&#8217;intervenció en casos de risc[/vc_column_text][/vc_column][/vc_row]</p>
